*2 + 2*f - 8 - 3*f**3 + 6*f**3 - 8 - 2*f**3. What is m(d)?
8
Let a(z) = 2*z + 8. Let q(y) = y + 4. Let v(j) = -4*a(j) + 7*q(j). Let w(b) = -1. Let c(g) = -v(g) + 2*w(g). Determine c(8).
10
Let b(x) = 2*x + 3. Let j = 14 - 9. Suppose j*h = 5*c + 280, 0 = -3*c + 3 - 6. Let l be 3/6 + h/(-10). What is b(l)?
-7
Let f(m) = m**2 - 2*m - 6. Let i be (-2 + 6 + -3)*5. Determine f(i).
9
Let v = -5 + 6. Let b be v - 1 - (-8 + 8). Let f(w) = w**2 + 3*w + 13. Let q(g) = g**2 + 2*g + 12. Let z(x) = 3*f(x) - 4*q(x). Give z(b).
-9
Let u(v) be the second derivative of -7*v**5/20 + v**4/6 + 2*v**3 + 32*v. Let m(c) = -4 - c + c**3 - c**2 + 4 + 1. Let o(b) = -6*m(b) - u(b). Determine o(-5).
-1
Let v(j) = 3*j**2 + j. Suppose 2*s - 3*m - 14 = -7*m, 2*s + 2*m = 6. Calculate v(s).
2
Let p(k) be the first derivative of k**4/12 - k**3/3 - 3*k**2/2 + 2*k + 4. Let d(l) be the first derivative of p(l). Determine d(3).
0
Suppose -3*q - 15 + 24 = 0. Let h(c) = 2*c**2 - c**3 + 2 - 7*c - 1 - 2 + 11*c. Determine h(q).
2
Suppose 43*d = -2*d + 135. Let g(o) = 4 + 0*o**3 + 3*o - 4*o**2 + o**3 + 0*o. Determine g(d).
4
Let w = 89 - 75. Let a(i) = -i + 11. Calculate a(w).
-3
Suppose 0 = 5*x + 4*c - 13, -x - 2*c - 3 = -4*c. Let n(s) = -1 - 11*s**3 - 26*s - x + 27*s + 1. Let t = 2 - 1. Calculate n(t).
-11
Let g(k) be the second derivative of k**5/20 - k**4/2 - k**3/3 + 6*k**2 + 15*k - 8. What is g(6)?
0
Let n(m) = 5 - 2 - 2*m - m**2 - 1488*m**3 + 1489*m**3. Let u(z) = -13*z + 2. Let t be u(4). Let l be (-5)/(-2)*(-40)/t. Determine n(l).
3
Let y(j) = -j. Let h(b) = 7*b - 43. Let o(g) = h(g) - 2*y(g). Determine o(5).
2
Let l(n) = n**3 + 2*n**2 - 4*n - 3. Let m be ((-12)/(-8))/(2*6/(-16)). Let r be l(m). Let u(z) = z - 5. Determine u(r).
0
Suppose -w + 24 = 7*w. Let j(z) = z**3. Let g(q) = 4*q**3 - 3*q**2 - 3*q - 5. Let a(n) = w*j(n) - g(n). What is a(4)?
1
Let s(w) = -w - 6. Let a = -5 - 1. Let l be 8/(-6) - 8/a. Give s(l).
-6
Suppose 6*d + 40 = 11*d. Suppose 7 = -d*g - 9. Let j = 2 - g. Let i(b) = -b**2 + 5*b. Determine i(j).
4
Let t(k) be the first derivative of 2*k**3/3 - k**2 - 3*k + 209. Give t(4).
21
Let i(d) = -5*d**2 - 15 + 5*d + 35*d**2 - 12*d**2 - 10*d**2 + d**3. Determine i(-7).
-1
Let n(v) = -v**3 + 7*v**2 - 9*v + 15. Let k be n(6). Let g(z) = 9*z + 1. What is g(k)?
-26
Let x(b) = -19*b - 16. Let j(n) = 24*n + 17. Let p(g) = 4*j(g) + 5*x(g). What is p(18)?
6
Suppose -t = 3*v + 26, 7*v + 10 = 2*v + 5*t. Let q(g) be the second derivative of 0 - 4*g - 1/12*g**4 - 2/3*g**3 + g**2. What is q(v)?
-19
Let h(f) = -2*f**2 + 2*f - 3. Suppose -4*q + 3 = -1. Let w be (0/((-6)/(-2)))/q. Suppose w = -4*x - 3*n + 2, n + 4 = -n. What is h(x)?
-7
Let w(g) be the second derivative of -g**4/12 + 3*g**3/2 - 4*g**2 + 22*g. What is w(10)?
-18
Suppose 0*a - 14 = -5*a + 3*z, 0 = a + 5*z + 14. Suppose h = a, -5*s - 8 = -10*s + 2*h. Let m(i) = i - 2*i**2 - 2 + i**3 + 3 + i. Determine m(s).
5
Let w(o) = o**2 + 5*o + 6. Let y(x) = -x**3 - 9*x**2 - 4*x - 3. Let z be y(-9). Let v = -37 + z. Give w(v).
2
Let z(i) = -7*i**3 + 11*i**2 + 4*i + 4. Let j(s) = -15*s**3 + 23*s**2 + 9*s + 9. Let c(w) = -6*j(w) + 13*z(w). Let g = -431 - -435. Determine c(g).
6
Let v = 363 - 376. Let x(z) = 2*z + 32. Calculate x(v).
6
Let j(z) be the third derivative of z**4/12 + 2*z**3/3 - 7*z**2. Let f be j(-2). Let u(n) = -5*n - 8 + 4*n - n + f*n. Determine u(-6).
4
Let t(k) be the second derivative of 31*k - 4/3*k**3 - 1 - k**2. Calculate t(-4).
30
Suppose 2*y + 0 = 4. Let o(q) = -q**3 - 7*q + 6*q**2 + 2 + q**y - 4. What is o(6)?
-8
Let o(p) = p**2 - p - 12. Suppose 3*n - 2 = -2*k, 4*n + 9 = 5*n - k. What is o(n)?
0
Let h(s) = 6*s**2 - 198*s + 1. Let t be h(33). Let q(l) = -13*l + 2. Determine q(t).
-11
Let z be (18 - 3)/(-5) - -14. Let x(j) = 1 - 15*j - z*j - j**2 + 22*j. Suppose -1 + 5 = -2*u. Give x(u).
5
Let l be 5*(1 - (2 - 0)). Let t = -11 - l. Let m(k) = -k**3 - 6*k**2. Calculate m(t).
0
Suppose -88 = 37*c - 26*c. Let w(g) = -g**2 - 9*g - 3. Calculate w(c).
5
Let b(u) be the third derivative of -u**5/60 - 5*u**4/24 - u**3/2 + u**2 - 21. Determine b(-2).
3
Suppose -150*p = -56*p + 658. Let f(i) = -5*i + 12. Calculate f(p).
47
Let h(d) = -d**3 - 3*d**2 + 2*d - 2. Suppose 4*t = 4*w - 104, -3*w - 6*t = -4*t - 83. Let q be 4*2/3*w/(-18). Determine h(q).
6
Let v(g) = 43 + g + 42 - 85. Let o = 1 + 1. Suppose -2*q + c = -o*c - 10, -5*c = 2*q + 6. Determine v(q).
2
Let k be (2 - (-3)/(-6))*2. Let m be (-1)/((-1)/1) + 1. Let y(a) = -3 + 5*a - 1 + 1 - m*a**2. What is y(k)?
-6
Let q(u) be the third derivative of -5*u**4/8 - u**3/6 - 42*u**2. Calculate q(-1).
14
Let u(z) = z**2 + 8*z - 12. Let x be u(-9). Let h be 4/(4/(-3)) + x. Let g be 87/27 + h/27. Let f(k) = k**2 - 3*k - 4. Calculate f(g).
-4
Let p(u) = u**2 - 3*u - 27. Let n be p(-18). Let o(f) = -1 + 4*f + n*f**2 - 350*f**2 + 2*f. Determine o(-5).
-6
Let y(o) = 14*o**2. Let z be y(-1). Suppose 3 = f + 3*d - 2, 3*f - 5*d - 1 = 0. Let l(j) = 0*j**2 - z + 12 - j**f. Give l(2).
-6
Let n(x) = -x**3 - 2*x**2 + x - 1. Suppose -3 = 4*c + h, c + 5*h - 6 + 2 = 0. Let k be (32 - (-3)/(-3))/c. Let w = k + 29. What is n(w)?
-3
Suppose -4*s + 9 - 1 = 0. Suppose s*p + 16 = -h + 3*h, 0 = -3*p + 2*h - 21. Let u(g) = 3 + g - 3. Calculate u(p).
-5
Let p(f) = -f**3 - 7*f**2 - 4*f + 4. Suppose 2*q + 5 = 5*n + 19, -4*n = q + 6. Let k(r) = -r + 9*r**2 - 6 - 3*r - 10*r**q. Let u be k(-4). Calculate p(u).
-8
Let z be -2 - 2 - (-14 - -7). Let t(f) = f**2 + 75*f - 37*f - 33*f + z. Give t(-4).
-1
Let n(h) = 2*h + 1. Let v be -12*(16/(-12))/(-4). Determine n(v).
-7
Suppose -4*f + 12 = 0, -3*q + f + 24 = -0*f. Let w(s) = s**2 - 2*s**3 - 2 + s**3 + 2*s**3 - q. Give w(0).
-11
Let z(g) = -g + 4. Let s be z(2). Let u(o) = -7 - 7 + 13. Let j(r) = -r**2 - r - 6. Let l(m) = -j(m) + 4*u(m). Calculate l(s).
8
Let y(u) = u**2 - u - 1. Let d(h) = 5*h**2 - 3*h - 4. Let o be -2*(3 + (-7)/2). Let k(i) = o*d(i) - 4*y(i). Calculate k(-3).
6
Let h be (-32 + 31)/((-2)/8). Let a(g) be the first derivative of 5*g**2/2 + 5*g + 2. Calculate a(h).
25
Let m(f) = f**2 + 19*f + 14. Let w be 3 - 1 - 14*(-230)/(-161). Give m(w).
-4
Let y(k) = k + 1. Let n(q) = -2*q**2 + 3*q - 5. Let l be n(0). Determine y(l).
-4
Suppose 2*w = -0*w - 2. Let i = 10 - 6. Let p = w + i. Let n(d) = d**2 + d - 2. Calculate n(p).
10
Let i = 2 + -10. Let y(f) = -4540 - 4546 + 9093 - 7*f - f**2. Calculate y(i).
-1
Let s(p) = -p - 1. Let z be 27/12*(-56)/21. Let u = z + 10. Calculate s(u).
-5
Let s(x) = 7*x + 6*x + 31*x**2 - 1 - 30*x**2 - 3*x - 4*x. Suppose -3*l = 2*l. Suppose 2*q + 1 = 2*z - q, l = 2*z + q + 19. What is s(z)?
6
Let q = 63 + -57. Let d = 3 - 1. Let t(i) = 2*i - 3*i + 4*i - q*i + d. Calculate t(2).
-4
Let r(m) = 1 + m - 6 + 1 + 2. Suppose -24 = 4*d + 3*j, -3*d + 6*d - 4*j + 18 = 0. Calculate r(d).
-8
Let n(p) = 13*p**2 - p - 7. Suppose 0 = -6*b - 13 - 23. Let m(f) = -12*f**2 + f + 8. Let j(o) = b*m(o) - 7*n(o). Determine j(-1).
-19
Let s(v) be the second derivative of -2*v**2 - 1/6*v**3 + 8*v + 0. Determine s(-3).
-1
Suppose 36 = 5*q + 11. Suppose -q*g - 4*m + 46 = -0*m, 0 = 5*g - 2*m - 22. Let w(h) = h**3 - 6*h**2 + h - 2. What is w(g)?
4
Let q(w) = w**3 - 9*w**2 + 7*w - 10. Let u(j) = -6*j**2 - 40*j - 16. Let m be u(-6). Give q(m).
-18
Suppose -y = -0*y + 4. Let z(m) = -5*m - 2 + 5*m**2 + 12*m**3 - 21*m**3 + 10*m**3 - m**2. Give z(y).
18
Suppose d - 2*d + 4 = 0. Suppose 15 = 5*v, -3*j - d*v + 15 = -3. Let k(r) = -j*r**2 + 3*r**2 - 101 - r + 111. Give k(0).
10
Let q(s) = -s**2 - 9*s - 7. Let l be q(-9). Let w(b) = 4*b**2 + 4*b**2 - 4*b**3 + 0 + 7*b - 6 + 5*b**3. Give w(l).
-6
Let u = 60 - 20. Let a be (u/(-50))/(4/(-10)). Let z(k) = -8*k + 5*k**a + 4 - 6*k**2 + 8*k. Determine z(-3).
-5
Let b(a) = -a**3 + 8*a**2 + a - 5. Let q be b(8). Let s(f) = 6*f**2 - f**q + 0*f**2 - 5*f**2 - 4*f + 4*f**2. Give s(4).
0
Let z be (-49 - 11)*12/(-15). Let l be ((z/2)/3)/((-10)/(-5)). Let m(d) = d**3 - 5*d**2 + 4*d + 4. Give m(l).
4
Let r(a) = 64*a - 134*a - 5*a**3 - 5*a**3 + 70*a - 1. Let s = -3 - -7. Suppose 4 = -4*j - f, -s*j + f = -3*f + 4. Determine r(j).
9
Let u(p) be the first derivative of -4 + 0*p + 1/24*p**4 + 1/120*p**5 + p**3 + 0*p**2. Let b(r) be the third derivative of u(r). Determine b(4).
5
Let v(z) = -2*z**2 + 2. Let p be 2/16*-22*-4. Supp